**2 - 6*t + 5. Let n(o) = o**2 - 6*o + 3. Let i = 22 - 11. Suppose i = -l + 14. Let z be n(l). What is q(z)?
5
Let r(j) = j**2 - j + 2. Let y = 234 - 230. Suppose -3*m = -5*u - 16, -y*m + 3*m = -5*u - 12. Calculate r(m).
4
Let z(y) = y**2 + 13*y + 13. Let g be z(-12). Let x be (-11 + 4 + 2)/g. Let b = x + 6. Let l(n) = -n**2. Calculate l(b).
-1
Let d(j) be the first derivative of 1/2*j**2 + 0*j + 1/3*j**3 + 3/4*j**4 + 46. Let w(g) = 2*g - 1. Let v be w(0). Calculate d(v).
-3
Let z be (-4)/(-5)*(-10)/(-4). Let l(m) = -4805 + 4804 + 13*m + m**2 - 9*m. Let v(s) = -s**2 - 4*s + 1. Let h(o) = z*l(o) + 3*v(o). What is h(-6)?
-11
Let f(n) = n - 16. Let d = 49 - 47. Let k(i) = 3*i - 33. Let p(t) = d*k(t) - 5*f(t). What is p(-11)?
3
Let u = -18 - 45. Let a be ((-54)/u)/((-1)/(-154)). Let c(s) = 4*s**2 + s**3 + 135 - a + 4*s - 2*s**3. Calculate c(4).
19
Suppose 23 = -y + 4*p, -5*y + 2*p - 4*p = 5. Let v(f) be the third derivative of -1/60*f**5 + 8*f**2 - 1/3*f**3 + 0*f + 0*f**4 + 0. Give v(y).
-11
Let v be (15/(-25))/(70/(-700)). Let h(c) = c - 17. Let k(y) = y - 16. Let w(m) = 4*h(m) - 5*k(m). Calculate w(v).
6
Let u(f) = -3*f**2 + 25*f - 4. Let h be u(8). Let g(z) = -h + 0 + 6 - z. Give g(3).
-1
Let q(k) be the first derivative of -k**7/840 - k**6/60 - 3*k**5/40 - 11*k**4/24 + 25*k**3 + k**2/2 + 144. Let x(o) be the third derivative of q(o). Give x(-5).
9
Suppose 14 = -5*h - 4*p, -2*p + 35 = -2*h + 15. Let k(i) = -i + 2*i + 0*i + 3 + 0*i. Give k(h).
-3
Let f be 3/(-7) + (-720)/(-210). Let x(t) = -1832*t**f - 6*t**2 - 3 + 4 + t + 1833*t**3 - 2. What is x(6)?
5
Let j = -97 + 97. Suppose 0*c - 22 = -4*x - 2*c, 0 = 3*x - 5*c + 3. Let k(s) = -6*s + s - x + 3*s + s. Calculate k(j).
-4
Let o(c) = 6*c**2 + 7*c - 47. Let r be o(5). Suppose r*m = 135*m. Suppose 0 = -3*d + 5*z + 3, m*z + 2 = 2*d + 2*z. Let q(k) = 6*k + 1. What is q(d)?
7
Suppose 18 = -15088*u + 15090*u. Let q(j) = j**3 - 9*j**2 + 9. Calculate q(u).
9
Let d(c) = c**3 + 5*c**2 + c. Suppose -4*k + 3*j - 121 = 30, 4*k - j = -157. Suppose 4*m = -u + 136, -74 = -9*m + 7*m + u. Let f = k + m. Determine d(f).
-5
Suppose 2*w + 22 = 12. Let l(t) be the second derivative of -t**4/12 + t**3/2 + 2*t**2 + 4*t + 36. What is l(w)?
-36
Let m(w) = -72*w + 56. Let j(y) = -70*y + 12. Let r(z) = 3*j(z) - 2*m(z). What is r(-1)?
-10
Let p(a) = -9*a + 2. Let h be 3/(-6)*(-20 - -12). Suppose 9*g + h = 7*g - 5*v, 2*v = 5*g - 19. Determine p(g).
-25
Suppose 10*k - 8*k = 2*x + 12, 3*x + 12 = 0. Suppose -3 = -k*f - 5*w, -10 = 5*f + w + 17. Let l(i) = i + 2. Determine l(f).
-4
Suppose -7*x - 10 + 66 = 0. Let o(q) = q**2 - 4*q - 25. Give o(x).
7
Suppose k - 20 + 10 = 0. Suppose -7*u - k = -5*u. Let g(s) be the second derivative of s**3/6 + 11*s**2/2 + s. What is g(u)?
6
Let s(o) = 135176 + 9*o - 14*o - 135172 - 30*o. What is s(1)?
-31
Let s(r) = r**3 + 26*r**2 - 3*r - 82. Let k be s(-26). Let h(o) = 4 - o + 0*o + 8*o - o. Determine h(k).
-20
Let o(f) = -f**3 + 6*f**2 - 7*f + 5. Let d be o(4). Let y be 3/(9/(-2)) + (-39)/d. Let b(p) = p**2 + 4*p - 7. Give b(y).
-2
Suppose -6*i = -1102 - 116. Suppose -26*p = 3*p + i. Let a(k) = -2*k - 24. Give a(p).
-10
Let u(d) = -9*d + 3. Let p(l) = l**3 - 18*l**2 + 20*l - 54. Let x be (-1)/((0 + 3)/(-51)*1). Let q be p(x). Give u(q).
30
Let k(v) = 256*v - 2. Let u(q) = -513*q + 17. Let t(p) = 2*k(p) + u(p). Suppose 5*c - 3 = -x, 2*x - 6 = c - 6*c. Calculate t(c).
13
Suppose 2*s = 3*w + 2 + 89, 3*s - 153 = -w. Suppose 8*q + s = 3*q. Let v(l) = 3*l + 33. Let i be v(q). Let z(g) = g**2 - g. Calculate z(i).
6
Suppose -5*a = 5*x - 55, -309*x - 109 = -314*x + 4*a. Let b(l) = 3*l**2 - 51*l + 2. What is b(x)?
2
Let z(p) = 14*p**3. Let q(u) = -u**3 + u**2 + 2*u + 1. Let n be ((-1)/3 - -1)*3. Let t be q(n). Suppose -m - 2 = -t. Determine z(m).
-14
Let l(q) be the first derivative of q**5/60 - q**4/8 - 5*q**3/6 - 37*q**2/2 - q + 33. Let z(s) be the second derivative of l(s). Give z(4).
-1
Let a(j) = 8 + 16 - 9*j**2 + 7*j**2 - 12*j + 18*j**2 - 17*j**2. Determine a(-14).
-4
Suppose -4*h - 5 = -5*t, 5*t - 5 = 3*h + 5. Suppose -5*v + b + 1 = 0, 7*v + 1 = t*v - b. Let j(x) = x + 11. Determine j(v).
11
Let s be (-154)/1925 + (-746)/50. Let t(y) = 6*y + 23. Give t(s).
-67
Let c(q) = -q**3 + 3*q**2 + 12*q - 1. Let u be (-40)/180 + ((-658)/18)/(-7). Give c(u).
9
Suppose -4*w - 15 = t, -10*t - 10 = 2*w - 12*t. Let u(b) = -b - 17. Determine u(w).
-13
Suppose 0 = 5*x - x + 5*v - 4154, 2*x + 5*v = 2082. Let g(k) = k**2 + 2*k**2 - 6*k + 1027 - 2*k**2 - x. Let w be (-10)/(-35) - 162/(-21). Determine g(w).
7
Let g(b) = 157*b + 73. Let f(i) = -37*i + 1. Let m(q) = -4*f(q) - g(q). What is m(-9)?
4
Let c(n) = 8*n - 4. Suppose 4*r = 5*q - 16, 2*q - 68*r + 71*r - 11 = 0. Determine c(q).
28
Let i(x) = -5*x**2 + 25 - 50*x + 4*x**2 + 23*x - 1 + 2*x. Calculate i(-26).
-2
Let v = -452 - -457. Let d(r) = 6 - 16 + 4*r + 6*r - v*r. Determine d(8).
30
Suppose 5*l + 5*j = 35, -5*j + 16 + 3 = -3*l. Let q(c) = 3*c**2 + 3*c - 3. Let i be q(l). Let a(g) = -3 - 9*g + 23*g + 0 - i*g. What is a(-3)?
0
Let u(p) = 10*p + 11434 - 11422 + 25*p**2 - 5*p**2 - 2*p**3 + 11*p. What is u(11)?
1
Suppose -q = 3*p - 5, -2*q + 3*q = 5*p - 3. Let j(m) = -1 + 569*m + m**3 - 6*m**q - 1133*m + 567*m. Determine j(6).
17
Let f = -31966 + 31989. Let z(m) = 2*m - 50. What is z(f)?
-4
Let g(o) = 23*o**2 - o - 2. Let y(i) = 24*i**2 - 2*i - 3. Let m(p) = 3*g(p) - 2*y(p). Let f be (12/18)/(9/5022). Let c = 371 - f. Determine m(c).
20
Let n be 6/(-21) - (-4610)/14. Let c = n - 331. Let w(u) = -2*u - 1. Calculate w(c).
3
Let g(k) = k**3 + 11*k**2 - 13*k - 7. Suppose 285 = 2*f - 13. Let w = f + -161. Determine g(w).
5
Let a(z) = z + 1. Let r(y) = -3*y - 3. Let n be ((-6)/4)/(24/48). Let i(m) = n*r(m) - 8*a(m). Let u = -2325 - -2332. Calculate i(u).
8
Let g(n) = -19*n**3 + 30*n**2 + 45*n - 10. Let c(i) = 2*i**3 + 4*i**2 - 3*i + 1. Let p(k) = 8*c(k) + g(k). What is p(21)?
-2
Let z(c) = 162*c + 440. Let w(h) = -16*h - 44. Let g(t) = -21*w(t) - 2*z(t). Calculate g(-3).
8
Let f(v) be the second derivative of 2*v**3/3 + 51*v**2/2 - 4*v + 154. What is f(-13)?
-1
Let c(z) = z**2 - 15*z + 482. Let r(h) = -2*h + 1. Let w(g) = c(g) - 8*r(g). Let j(u) be the first derivative of w(u). Suppose -2*y + 4*y - 2 = 0. What is j(y)?
3
Let t(h) = h**3 - 8950 + 7*h - 2*h**3 - 7*h**2 + 8953. Suppose -3*o - 6 = 18. Determine t(o).
11
Suppose 0 = 284*c - 295*c + 44. Suppose 9*u = 8*u + 4. Let j(b) = 2 - u*b**2 + b + 0 - 14*b + 11*b + b**3. Give j(c).
-6
Let i(o) = o**2 - 15*o + 23. Let m = -90 + 104. Let j be i(m). Let y(g) = g**2 - 5*g**2 - j + 8*g - 18*g + 3*g**2. Calculate y(-7).
12
Let j(c) = c**3 - 3*c**2 + 1. Let w = -7 - -11. Let g(o) be the first derivative of o**4/4 - 4*o**3/3 + o - 6938. Let i(k) = w*g(k) - 5*j(k). Give i(0).
-1
Let s(d) = d**3 - 11*d**2 + 12*d + 16. Let j(v) = v**2 + 87*v + 1595. Let c be j(-61). What is s(c)?
-38
Let b = 121 + -118. Let j be (4 + -5)*1/(2 - b). Let k(c) = -32*c**2 + c. Calculate k(j).
-31
Let s(j) = -j**3 - 25*j**2 - 2*j - 43. Suppose -18*y = -8*y + 68 + 182. Calculate s(y).
7
Let m(i) = -43 - 10*i - 49 - 106 - 47 + 347. What is m(11)?
-8
Let i = -23936 - -23902. Let b(q) = -8*q - 273. Give b(i).
-1
Suppose 59*d + 15 = 62*d. Suppose -i + d*i = -3*m - 173, -i - 43 = m. Let s = 46 + i. Let v(x) = -x + 1. Calculate v(s).
-1
Let k(c) = -11*c - 18. Let z(t) = 10*t**2 + 25*t + 6. Let a be z(-1). Calculate k(a).
81
Let j(g) = -g**2 - 8*g + 16. Suppose 90*t = 86*t + 3*m - 19, 4*t - m = -33. What is j(t)?
-4
Let o(h) be the first derivative of 3*h**2 - h - 688. Calculate o(0).
-1
Let d(f) = -f - 2 - 1 - 2. Let o(q) = -45*q - 147. Let k be o(-4). Suppose 5*j + k + 22 = n, -5*n = -3*j - 33. Calculate d(j).
6
Let i(q) = -q - 8. Let c(t) be the first derivative of -t + 819. Let u be 2 + 0 + -1 + 0. Let n(l) = u*i(l) + 3*c(l). Calculate n(-11).
0
Let h(i) = -13*i**3 + 33*i**2 + 20*i - 119. Let a(d) = 4*d**3 - 10*d**2 - 7*d + 37. Let r(s) = 10*a(s) + 3*h(s). Calculate r(5).
63
Let k(b) = -3*b**3 - 35*b**2 - 39*b + 173. Let m(u) = u**3 + 12*u**2 + 14*u - 59. Let d(n) = -6*k(n) - 17*m(n). What is d(-5)?
10
Let p(i) = -i + 3. Let u(y) = y**3 - 25*y**2 + 22*y + 50. Suppose 30 = 3*t - 42. Let q be u(t). Determine p(q).
1
Let d(t) be the first derivative of -t**3